{"id":763,"date":"2024-11-22T17:16:25","date_gmt":"2024-11-22T17:16:25","guid":{"rendered":"https:\/\/feed4justice.ces.uc.pt\/?page_id=763"},"modified":"2025-04-29T14:19:24","modified_gmt":"2025-04-29T14:19:24","slug":"763-2","status":"publish","type":"page","link":"https:\/\/feed4justice.ces.uc.pt\/?page_id=763","title":{"rendered":""},"content":{"rendered":"\n<figure class=\"wp-block-pullquote alignfull\"><blockquote><p><strong>Portugal<\/strong><\/p><\/blockquote><\/figure>\n\n\n\n<figure class=\"wp-block-gallery alignwide has-nested-images columns-default is-cropped wp-block-gallery-1 is-layout-flex wp-block-gallery-is-layout-flex\">\n<figure class=\"wp-block-image size-large\"><a href=\"https:\/\/feed4justice.ces.uc.pt\/?page_id=754\"><img loading=\"lazy\" decoding=\"async\" width=\"619\" height=\"393\" data-id=\"314\" src=\"https:\/\/feed4justice.ces.uc.pt\/wp-content\/uploads\/2024\/11\/Rosa.jpg\" alt=\"\" class=\"wp-image-314\" srcset=\"https:\/\/feed4justice.ces.uc.pt\/wp-content\/uploads\/2024\/11\/Rosa.jpg 619w, https:\/\/feed4justice.ces.uc.pt\/wp-content\/uploads\/2024\/11\/Rosa-300x190.jpg 300w\" sizes=\"auto, (max-width: 619px) 100vw, 619px\" \/><\/a><figcaption class=\"wp-element-caption\">Rosa Dias, Castro Marim, Faro<\/figcaption><\/figure>\n\n\n\n<figure class=\"wp-block-image size-large\"><a href=\"https:\/\/feed4justice.ces.uc.pt\/?page_id=754&amp;page=2\"><img loading=\"lazy\" decoding=\"async\" width=\"1024\" height=\"863\" data-id=\"301\" src=\"https:\/\/feed4justice.ces.uc.pt\/wp-content\/uploads\/2024\/11\/Aurora-1024x863.jpg\" alt=\"\" class=\"wp-image-301\" srcset=\"https:\/\/feed4justice.ces.uc.pt\/wp-content\/uploads\/2024\/11\/Aurora-1024x863.jpg 1024w, https:\/\/feed4justice.ces.uc.pt\/wp-content\/uploads\/2024\/11\/Aurora-300x253.jpg 300w, https:\/\/feed4justice.ces.uc.pt\/wp-content\/uploads\/2024\/11\/Aurora-768x647.jpg 768w, https:\/\/feed4justice.ces.uc.pt\/wp-content\/uploads\/2024\/11\/Aurora.jpg 1257w\" sizes=\"auto, (max-width: 1024px) 100vw, 1024px\" \/><\/a><figcaption class=\"wp-element-caption\">Aurora Silva, S. Pedro do Sul, Viseu<\/figcaption><\/figure>\n\n\n\n<figure class=\"wp-block-image size-large\"><a href=\"https:\/\/feed4justice.ces.uc.pt\/?page_id=754&amp;page=3\"><img loading=\"lazy\" decoding=\"async\" width=\"958\" height=\"774\" data-id=\"323\" src=\"https:\/\/feed4justice.ces.uc.pt\/wp-content\/uploads\/2024\/11\/Carmen-1.jpg\" alt=\"\" class=\"wp-image-323\" srcset=\"https:\/\/feed4justice.ces.uc.pt\/wp-content\/uploads\/2024\/11\/Carmen-1.jpg 958w, https:\/\/feed4justice.ces.uc.pt\/wp-content\/uploads\/2024\/11\/Carmen-1-300x242.jpg 300w, https:\/\/feed4justice.ces.uc.pt\/wp-content\/uploads\/2024\/11\/Carmen-1-768x620.jpg 768w\" sizes=\"auto, (max-width: 958px) 100vw, 958px\" \/><\/a><figcaption class=\"wp-element-caption\">Carmen Staats, Lous\u00e3, Coimbra<\/figcaption><\/figure>\n\n\n\n<figure class=\"wp-block-image size-large\"><a href=\"https:\/\/feed4justice.ces.uc.pt\/?page_id=754&amp;page=4\"><img loading=\"lazy\" decoding=\"async\" width=\"896\" height=\"746\" data-id=\"324\" src=\"https:\/\/feed4justice.ces.uc.pt\/wp-content\/uploads\/2024\/11\/Fatima-Costa.jpg\" alt=\"\" class=\"wp-image-324\" srcset=\"https:\/\/feed4justice.ces.uc.pt\/wp-content\/uploads\/2024\/11\/Fatima-Costa.jpg 896w, https:\/\/feed4justice.ces.uc.pt\/wp-content\/uploads\/2024\/11\/Fatima-Costa-300x250.jpg 300w, https:\/\/feed4justice.ces.uc.pt\/wp-content\/uploads\/2024\/11\/Fatima-Costa-768x639.jpg 768w\" sizes=\"auto, (max-width: 896px) 100vw, 896px\" \/><\/a><figcaption class=\"wp-element-caption\">F\u00e1tima Costa, Trancoso, Guarda<\/figcaption><\/figure>\n\n\n\n<figure class=\"wp-block-image size-large\"><a href=\"https:\/\/feed4justice.ces.uc.pt\/?page_id=754&amp;page=5\"><img loading=\"lazy\" decoding=\"async\" width=\"825\" height=\"776\" data-id=\"326\" src=\"https:\/\/feed4justice.ces.uc.pt\/wp-content\/uploads\/2024\/11\/Rita.jpg\" alt=\"\" class=\"wp-image-326\" srcset=\"https:\/\/feed4justice.ces.uc.pt\/wp-content\/uploads\/2024\/11\/Rita.jpg 825w, https:\/\/feed4justice.ces.uc.pt\/wp-content\/uploads\/2024\/11\/Rita-300x282.jpg 300w, https:\/\/feed4justice.ces.uc.pt\/wp-content\/uploads\/2024\/11\/Rita-768x722.jpg 768w\" sizes=\"auto, (max-width: 825px) 100vw, 825px\" \/><\/a><figcaption class=\"wp-element-caption\">Rita Sousa, Odemira, Beja<\/figcaption><\/figure>\n\n\n\n<figure class=\"wp-block-image size-full\"><a href=\"https:\/\/feed4justice.ces.uc.pt\/?page_id=754&amp;page=6\"><img loading=\"lazy\" decoding=\"async\" width=\"777\" height=\"681\" data-id=\"1380\" src=\"https:\/\/feed4justice.ces.uc.pt\/wp-content\/uploads\/2025\/01\/Paula.jpg\" alt=\"\" class=\"wp-image-1380\" srcset=\"https:\/\/feed4justice.ces.uc.pt\/wp-content\/uploads\/2025\/01\/Paula.jpg 777w, https:\/\/feed4justice.ces.uc.pt\/wp-content\/uploads\/2025\/01\/Paula-300x263.jpg 300w, https:\/\/feed4justice.ces.uc.pt\/wp-content\/uploads\/2025\/01\/Paula-768x673.jpg 768w\" sizes=\"auto, (max-width: 777px) 100vw, 777px\" \/><\/a><figcaption class=\"wp-element-caption\">Paula Serrano, Palmela, Set\u00fabal<\/figcaption><\/figure>\n\n\n\n<figure class=\"wp-block-image size-full\"><img loading=\"lazy\" decoding=\"async\" width=\"678\" height=\"591\" data-id=\"1548\" src=\"https:\/\/feed4justice.ces.uc.pt\/wp-content\/uploads\/2025\/02\/Fernanda-foto-e1739369000439.jpg\" alt=\"\" class=\"wp-image-1548\" srcset=\"https:\/\/feed4justice.ces.uc.pt\/wp-content\/uploads\/2025\/02\/Fernanda-foto-e1739369000439.jpg 678w, https:\/\/feed4justice.ces.uc.pt\/wp-content\/uploads\/2025\/02\/Fernanda-foto-e1739369000439-300x262.jpg 300w\" sizes=\"auto, (max-width: 678px) 100vw, 678px\" \/><figcaption class=\"wp-element-caption\">Fernanda Mateus, Oleiros, Castelo Branco<\/figcaption><\/figure>\n\n\n\n<figure class=\"wp-block-image size-full\"><img loading=\"lazy\" decoding=\"async\" width=\"716\" height=\"690\" data-id=\"1560\" src=\"https:\/\/feed4justice.ces.uc.pt\/wp-content\/uploads\/2025\/02\/Eunice-e1739368799353.jpg\" alt=\"\" class=\"wp-image-1560\" srcset=\"https:\/\/feed4justice.ces.uc.pt\/wp-content\/uploads\/2025\/02\/Eunice-e1739368799353.jpg 716w, https:\/\/feed4justice.ces.uc.pt\/wp-content\/uploads\/2025\/02\/Eunice-e1739368799353-300x289.jpg 300w\" sizes=\"auto, (max-width: 716px) 100vw, 716px\" \/><figcaption class=\"wp-element-caption\">Eunice Tavares, Vila Real<\/figcaption><\/figure>\n\n\n\n<figure class=\"wp-block-image size-full\"><img loading=\"lazy\" decoding=\"async\" width=\"1123\" height=\"608\" data-id=\"1590\" src=\"https:\/\/feed4justice.ces.uc.pt\/wp-content\/uploads\/2025\/02\/4-e1739368845203.jpeg\" alt=\"\" class=\"wp-image-1590\" srcset=\"https:\/\/feed4justice.ces.uc.pt\/wp-content\/uploads\/2025\/02\/4-e1739368845203.jpeg 1123w, https:\/\/feed4justice.ces.uc.pt\/wp-content\/uploads\/2025\/02\/4-e1739368845203-300x162.jpeg 300w, https:\/\/feed4justice.ces.uc.pt\/wp-content\/uploads\/2025\/02\/4-e1739368845203-1024x554.jpeg 1024w, https:\/\/feed4justice.ces.uc.pt\/wp-content\/uploads\/2025\/02\/4-e1739368845203-768x416.jpeg 768w\" sizes=\"auto, (max-width: 1123px) 100vw, 1123px\" \/><figcaption class=\"wp-element-caption\">Maria da Visita\u00e7\u00e3o, Sesimbra, Set\u00fabal<\/figcaption><\/figure>\n<\/figure>\n\n\n\n<figure class=\"wp-block-pullquote alignfull\"><blockquote><p><strong>Galiza<\/strong><\/p><\/blockquote><\/figure>\n\n\n\n<figure class=\"wp-block-gallery alignwide has-nested-images columns-default is-cropped wp-block-gallery-2 is-layout-flex wp-block-gallery-is-layout-flex\">\n<figure class=\"wp-block-image size-full\"><a href=\"https:\/\/feed4justice.ces.uc.pt\/?page_id=754&amp;page=7\"><img decoding=\"async\" data-id=\"1071\" src=\"https:\/\/feed4justice.ces.uc.pt\/wp-content\/uploads\/2025\/01\/Natalia-1.jpg\" alt=\"\" class=\"wp-image-1071\"\/><\/a><figcaption class=\"wp-element-caption\">Natalia Varela Cada\u00eda, Lugo<\/figcaption><\/figure>\n\n\n\n<figure class=\"wp-block-image size-full\"><a href=\"https:\/\/feed4justice.ces.uc.pt\/?page_id=754&amp;page=8\"><img loading=\"lazy\" decoding=\"async\" width=\"770\" height=\"660\" data-id=\"1162\" src=\"https:\/\/feed4justice.ces.uc.pt\/wp-content\/uploads\/2025\/01\/Raquel-2-e1737477443671-edited-e1737547895601.jpg\" alt=\"\" class=\"wp-image-1162\" srcset=\"https:\/\/feed4justice.ces.uc.pt\/wp-content\/uploads\/2025\/01\/Raquel-2-e1737477443671-edited-e1737547895601.jpg 770w, https:\/\/feed4justice.ces.uc.pt\/wp-content\/uploads\/2025\/01\/Raquel-2-e1737477443671-edited-e1737547895601-300x257.jpg 300w, https:\/\/feed4justice.ces.uc.pt\/wp-content\/uploads\/2025\/01\/Raquel-2-e1737477443671-edited-e1737547895601-768x658.jpg 768w\" sizes=\"auto, (max-width: 770px) 100vw, 770px\" \/><\/a><figcaption class=\"wp-element-caption\">Raquel Garcia, A Coru\u00f1a<\/figcaption><\/figure>\n\n\n\n<figure class=\"wp-block-image size-full\"><a href=\"https:\/\/feed4justice.ces.uc.pt\/?page_id=754&amp;page=9\"><img loading=\"lazy\" decoding=\"async\" width=\"786\" height=\"599\" data-id=\"1113\" src=\"https:\/\/feed4justice.ces.uc.pt\/wp-content\/uploads\/2025\/01\/Maria-Jose-1-e1737548438392.jpg\" alt=\"\" class=\"wp-image-1113\" srcset=\"https:\/\/feed4justice.ces.uc.pt\/wp-content\/uploads\/2025\/01\/Maria-Jose-1-e1737548438392.jpg 786w, https:\/\/feed4justice.ces.uc.pt\/wp-content\/uploads\/2025\/01\/Maria-Jose-1-e1737548438392-300x229.jpg 300w, https:\/\/feed4justice.ces.uc.pt\/wp-content\/uploads\/2025\/01\/Maria-Jose-1-e1737548438392-768x585.jpg 768w\" sizes=\"auto, (max-width: 786px) 100vw, 786px\" \/><\/a><figcaption class=\"wp-element-caption\">Maria Jose Tallon, Pontevedra<\/figcaption><\/figure>\n\n\n\n<figure class=\"wp-block-image size-full\"><a href=\"https:\/\/feed4justice.ces.uc.pt\/?page_id=754&amp;page=10\"><img loading=\"lazy\" decoding=\"async\" width=\"739\" height=\"662\" data-id=\"1115\" src=\"https:\/\/feed4justice.ces.uc.pt\/wp-content\/uploads\/2025\/01\/Iolanda-1-e1737547616303.jpg\" alt=\"\" class=\"wp-image-1115\" srcset=\"https:\/\/feed4justice.ces.uc.pt\/wp-content\/uploads\/2025\/01\/Iolanda-1-e1737547616303.jpg 739w, https:\/\/feed4justice.ces.uc.pt\/wp-content\/uploads\/2025\/01\/Iolanda-1-e1737547616303-300x269.jpg 300w\" sizes=\"auto, (max-width: 739px) 100vw, 739px\" \/><\/a><figcaption class=\"wp-element-caption\">Iolanda Otero, Pontevedra<\/figcaption><\/figure>\n\n\n\n<figure class=\"wp-block-image size-full\"><a href=\"https:\/\/feed4justice.ces.uc.pt\/?page_id=754&amp;page=11\"><img loading=\"lazy\" decoding=\"async\" width=\"763\" height=\"691\" data-id=\"1117\" src=\"https:\/\/feed4justice.ces.uc.pt\/wp-content\/uploads\/2025\/01\/Concha-1-e1737547764356.jpg\" alt=\"\" class=\"wp-image-1117\" srcset=\"https:\/\/feed4justice.ces.uc.pt\/wp-content\/uploads\/2025\/01\/Concha-1-e1737547764356.jpg 763w, https:\/\/feed4justice.ces.uc.pt\/wp-content\/uploads\/2025\/01\/Concha-1-e1737547764356-300x272.jpg 300w\" sizes=\"auto, (max-width: 763px) 100vw, 763px\" \/><\/a><figcaption class=\"wp-element-caption\">Concha Blanco, Lugo<\/figcaption><\/figure>\n\n\n\n<figure class=\"wp-block-image size-full\"><a href=\"https:\/\/feed4justice.ces.uc.pt\/?page_id=754&amp;page=12\"><img loading=\"lazy\" decoding=\"async\" width=\"646\" height=\"662\" data-id=\"1118\" src=\"https:\/\/feed4justice.ces.uc.pt\/wp-content\/uploads\/2025\/01\/Carmen-e1737547798255.jpg\" alt=\"\" class=\"wp-image-1118\" srcset=\"https:\/\/feed4justice.ces.uc.pt\/wp-content\/uploads\/2025\/01\/Carmen-e1737547798255.jpg 646w, https:\/\/feed4justice.ces.uc.pt\/wp-content\/uploads\/2025\/01\/Carmen-e1737547798255-293x300.jpg 293w\" sizes=\"auto, (max-width: 646px) 100vw, 646px\" \/><\/a><figcaption class=\"wp-element-caption\">Carmen Sanch\u00e9z, A Corun\u00e3<\/figcaption><\/figure>\n<\/figure>\n\n\n\n<div class=\"wp-block-buttons alignwide is-content-justification-right is-layout-flex wp-container-core-buttons-is-layout-d445cf74 wp-block-buttons-is-layout-flex\">\n<div class=\"wp-block-button\"><a class=\"wp-block-button__link wp-element-button\" href=\"https:\/\/feed4justice.ces.uc.pt\/?page_id=414\">Voltar atr\u00e1s<\/a><\/div>\n<\/div>\n\n\n\n<figure class=\"wp-block-pullquote alignfull\"><blockquote><p><strong>Pa\u00eds Basco<\/strong><\/p><\/blockquote><\/figure>\n\n\n\n<figure class=\"wp-block-gallery alignwide has-nested-images columns-default is-cropped wp-block-gallery-3 is-layout-flex wp-block-gallery-is-layout-flex\">\n<figure class=\"wp-block-image size-full\"><a href=\"https:\/\/feed4justice.ces.uc.pt\/?page_id=754&amp;page=16\"><img loading=\"lazy\" decoding=\"async\" width=\"863\" height=\"760\" data-id=\"1831\" src=\"https:\/\/feed4justice.ces.uc.pt\/wp-content\/uploads\/2025\/04\/Maite1.jpg\" alt=\"\" class=\"wp-image-1831\" srcset=\"https:\/\/feed4justice.ces.uc.pt\/wp-content\/uploads\/2025\/04\/Maite1.jpg 863w, https:\/\/feed4justice.ces.uc.pt\/wp-content\/uploads\/2025\/04\/Maite1-300x264.jpg 300w, https:\/\/feed4justice.ces.uc.pt\/wp-content\/uploads\/2025\/04\/Maite1-768x676.jpg 768w\" sizes=\"auto, (max-width: 863px) 100vw, 863px\" \/><\/a><figcaption class=\"wp-element-caption\"><strong>Maite Aristegi<\/strong>, Bergara, Gipuzkoa<\/figcaption><\/figure>\n\n\n\n<figure class=\"wp-block-image size-full\"><a href=\"https:\/\/feed4justice.ces.uc.pt\/?page_id=754&amp;page=17\"><img loading=\"lazy\" decoding=\"async\" width=\"755\" height=\"770\" data-id=\"1836\" src=\"https:\/\/feed4justice.ces.uc.pt\/wp-content\/uploads\/2025\/04\/Amets1.jpg\" alt=\"\" class=\"wp-image-1836\" srcset=\"https:\/\/feed4justice.ces.uc.pt\/wp-content\/uploads\/2025\/04\/Amets1.jpg 755w, https:\/\/feed4justice.ces.uc.pt\/wp-content\/uploads\/2025\/04\/Amets1-294x300.jpg 294w\" sizes=\"auto, (max-width: 755px) 100vw, 755px\" \/><\/a><figcaption class=\"wp-element-caption\"><strong>Amets Ladislao<\/strong>, Errigoiti, Bizkaia<\/figcaption><\/figure>\n\n\n\n<figure class=\"wp-block-image size-full\"><a href=\"https:\/\/feed4justice.ces.uc.pt\/?page_id=754&amp;page=18\"><img decoding=\"async\" data-id=\"1839\" src=\"https:\/\/feed4justice.ces.uc.pt\/wp-content\/uploads\/2025\/04\/Malu3.jpg\" alt=\"\" class=\"wp-image-1839\"\/><\/a><figcaption class=\"wp-element-caption\"><strong>Malu Egiluz<\/strong>,&nbsp;Areatza, Bizkaia<\/figcaption><\/figure>\n\n\n\n<figure class=\"wp-block-image size-full\"><a href=\"https:\/\/feed4justice.ces.uc.pt\/?page_id=754&amp;page=21\"><img loading=\"lazy\" decoding=\"async\" width=\"583\" height=\"475\" data-id=\"1804\" src=\"https:\/\/feed4justice.ces.uc.pt\/wp-content\/uploads\/2025\/04\/Lorena1.jpg\" alt=\"\" class=\"wp-image-1804\" srcset=\"https:\/\/feed4justice.ces.uc.pt\/wp-content\/uploads\/2025\/04\/Lorena1.jpg 583w, https:\/\/feed4justice.ces.uc.pt\/wp-content\/uploads\/2025\/04\/Lorena1-300x244.jpg 300w\" sizes=\"auto, (max-width: 583px) 100vw, 583px\" \/><\/a><figcaption class=\"wp-element-caption\"><strong>Lorena Costas<\/strong>, Otxandio, Bizkaia<\/figcaption><\/figure>\n\n\n\n<figure class=\"wp-block-image size-full\"><a href=\"https:\/\/feed4justice.ces.uc.pt\/?page_id=754&amp;page=19\"><img loading=\"lazy\" decoding=\"async\" width=\"898\" height=\"853\" data-id=\"1844\" src=\"https:\/\/feed4justice.ces.uc.pt\/wp-content\/uploads\/2025\/04\/Leire1.jpg\" alt=\"\" class=\"wp-image-1844\" srcset=\"https:\/\/feed4justice.ces.uc.pt\/wp-content\/uploads\/2025\/04\/Leire1.jpg 898w, https:\/\/feed4justice.ces.uc.pt\/wp-content\/uploads\/2025\/04\/Leire1-300x285.jpg 300w, https:\/\/feed4justice.ces.uc.pt\/wp-content\/uploads\/2025\/04\/Leire1-768x730.jpg 768w\" sizes=\"auto, (max-width: 898px) 100vw, 898px\" \/><\/a><figcaption class=\"wp-element-caption\"><strong>Leire Sorhouet<\/strong>, Errigoiti, Bizkaia<\/figcaption><\/figure>\n\n\n\n<figure class=\"wp-block-image size-full\"><a href=\"https:\/\/feed4justice.ces.uc.pt\/?page_id=754&amp;page=20\"><img loading=\"lazy\" decoding=\"async\" width=\"870\" height=\"869\" data-id=\"1847\" src=\"https:\/\/feed4justice.ces.uc.pt\/wp-content\/uploads\/2025\/04\/Alazne1.jpeg\" alt=\"\" class=\"wp-image-1847\" srcset=\"https:\/\/feed4justice.ces.uc.pt\/wp-content\/uploads\/2025\/04\/Alazne1.jpeg 870w, https:\/\/feed4justice.ces.uc.pt\/wp-content\/uploads\/2025\/04\/Alazne1-300x300.jpeg 300w, https:\/\/feed4justice.ces.uc.pt\/wp-content\/uploads\/2025\/04\/Alazne1-150x150.jpeg 150w, https:\/\/feed4justice.ces.uc.pt\/wp-content\/uploads\/2025\/04\/Alazne1-768x767.jpeg 768w\" sizes=\"auto, (max-width: 870px) 100vw, 870px\" \/><\/a><figcaption class=\"wp-element-caption\"><strong>Alazne Intxauspe<\/strong><\/figcaption><\/figure>\n\n\n\n<figure class=\"wp-block-image size-full\"><a href=\"https:\/\/feed4justice.ces.uc.pt\/?page_id=754&amp;page=22\"><img decoding=\"async\" data-id=\"1833\" src=\"https:\/\/feed4justice.ces.uc.pt\/wp-content\/uploads\/2025\/04\/Puy1-1.jpg\" alt=\"\" class=\"wp-image-1833\"\/><\/a><figcaption class=\"wp-element-caption\"><strong>Puy Arrieta<\/strong>, Zeanuri, Bizkaia<\/figcaption><\/figure>\n\n\n\n<figure class=\"wp-block-image size-large\"><a href=\"https:\/\/feed4justice.ces.uc.pt\/?page_id=754&amp;page=23\"><img decoding=\"async\" data-id=\"1823\" src=\"https:\/\/feed4justice.ces.uc.pt\/wp-content\/uploads\/2025\/04\/Rosa1.jpg\" alt=\"\" class=\"wp-image-1823\"\/><\/a><figcaption class=\"wp-element-caption\"><strong>Rosa<\/strong>, Arrieta, Baizkaia<\/figcaption><\/figure>\n\n\n\n<figure class=\"wp-block-image size-full\"><a href=\"https:\/\/feed4justice.ces.uc.pt\/?page_id=754&amp;page=24\"><img decoding=\"async\" data-id=\"1811\" src=\"https:\/\/feed4justice.ces.uc.pt\/wp-content\/uploads\/2025\/04\/Maritxu1.jpg\" alt=\"\" class=\"wp-image-1811\"\/><\/a><figcaption class=\"wp-element-caption\"><strong>Maritxu Telleria<\/strong>, Bizkaia<\/figcaption><\/figure>\n<\/figure>\n","protected":false},"excerpt":{"rendered":"<p>Portugal Galiza Pa\u00eds Basco<\/p>\n","protected":false},"author":2,"featured_media":0,"parent":0,"menu_order":0,"comment_status":"closed","ping_status":"closed","template":"","meta":{"footnotes":""},"class_list":["post-763","page","type-page","status-publish","hentry"],"_links":{"self":[{"href":"https:\/\/feed4justice.ces.uc.pt\/index.php?rest_route=\/wp\/v2\/pages\/763","targetHints":{"allow":["GET"]}}],"collection":[{"href":"https:\/\/feed4justice.ces.uc.pt\/index.php?rest_route=\/wp\/v2\/pages"}],"about":[{"href":"https:\/\/feed4justice.ces.uc.pt\/index.php?rest_route=\/wp\/v2\/types\/page"}],"author":[{"embeddable":true,"href":"https:\/\/feed4justice.ces.uc.pt\/index.php?rest_route=\/wp\/v2\/users\/2"}],"replies":[{"embeddable":true,"href":"https:\/\/feed4justice.ces.uc.pt\/index.php?rest_route=%2Fwp%2Fv2%2Fcomments&post=763"}],"version-history":[{"count":19,"href":"https:\/\/feed4justice.ces.uc.pt\/index.php?rest_route=\/wp\/v2\/pages\/763\/revisions"}],"predecessor-version":[{"id":1877,"href":"https:\/\/feed4justice.ces.uc.pt\/index.php?rest_route=\/wp\/v2\/pages\/763\/revisions\/1877"}],"wp:attachment":[{"href":"https:\/\/feed4justice.ces.uc.pt\/index.php?rest_route=%2Fwp%2Fv2%2Fmedia&parent=763"}],"curies":[{"name":"wp","href":"https:\/\/api.w.org\/{rel}","templated":true}]}}